Let d = 5 + -2. Suppose 70 = d*k + 7. Calculate the greatest common factor of 21 and k.
21
Let f be 4/(-2 + 0) + 7. Suppose -253 = -4*c + f*m + 42, m = -3*c + 245. Suppose -6*j + 2*j + c = 0. What is the highest common divisor of j and 180?
20
Let r = 7 - 6. Suppose 19 = 4*w + 7. Calculate the highest common factor of w and r.
1
Let o(x) = x**3 + 6*x**2 + 4*x - 3. Let w be o(-5). Suppose -71 = -5*f + 39. What is the highest common divisor of f and w?
2
Let k(c) = c**3 - c**2 - c - 7. Let g be k(3). What is the highest common factor of g and 56?
8
Suppose 4*w = r + 93, -5*r - 91 = 3*w - 6*w. Suppose -5*a + 3 + 2 = 0. Suppose 0 = 5*l - o - 7, a = -l + o - 0. What is the greatest common factor of w and l?
2
Let o(u) = -6*u - 4*u + 1 - 6*u. Let a be o(-5). What is the greatest common divisor of a and 9?
9
Suppose -11*z + 1462 - 142 = 0. Calculate the highest common divisor of z and 12.
12
Let p be 32 + (2/4)/((-4)/(-24)). What is the highest common divisor of p and 175?
35
Let b(m) = -m**2 - 15*m - 14. Let j be b(-10). Calculate the highest common divisor of j and 180.
36
Let q(r) = r**2 - 11*r + 15. Let i = 17 - 7. Let k be q(i). Let o be (-25)/3*6/(-2). What is the greatest common factor of o and k?
5
Let p = 7 - 3. What is the greatest common factor of p and 4?
4
Suppose -6*t + h + 194 = -4*t, 0 = h - 2. Let p = 43 - 29. What is the greatest common factor of p and t?
14
Let v be -1 - (2*-1 - 42). Let z = -4 + v. Suppose 5*f = -5*c + 155, c - 4*f - 6 = -0*c. What is the highest common divisor of c and z?
13
Let s be (-117)/(1 - 2/1). Suppose 3*u = 5*f - 33, -f + 0*u - 5*u = -29. Let x be f + 2 + (-3 - -5). Calculate the highest common divisor of s and x.
13
Suppose -5*p + 3*p = -5*y - 110, 45 = -3*y - 3*p. Let f = 0 - y. What is the greatest common factor of 100 and f?
20
Let o(c) = -5*c + 3. Let s be o(4). Let a be 2 - 2 - 1*s. Let q = a - -28. What is the greatest common factor of q and 15?
15
Suppose -43 = -4*z + 21. What is the greatest common divisor of z and 16?
16
Suppose s + 1284 = 5*d, 2*d = 3*s - 0*s + 524. Calculate the greatest common divisor of d and 32.
32
Let m(s) = -3 + 9 - 2*s + 0 + s. Let u be m(-2). Calculate the greatest common factor of 12 and u.
4
Let m be 5*(-2 - (-1 - 4)). What is the highest common factor of m and 15?
15
Let k(m) = -3*m + 12. Let g be k(-4). Calculate the greatest common factor of g and 36.
12
Let c = 27 + 9. Suppose 0*m + c = 2*m. What is the highest common divisor of m and 144?
18
Suppose 60 = 5*b - b. Calculate the highest common divisor of b and 105.
15
Suppose 116 = -5*s - 69. Let t = s + 54. Calculate the highest common factor of 68 and t.
17
Let q = 130 - 45. Let a be (-1 + -1)/(3/(-9)). Suppose a + 62 = 2*y. What is the highest common divisor of q and y?
17
Let v = 3 + 1. Suppose -v = -5*s + 41. Calculate the greatest common factor of 18 and s.
9
Let p = 14 + -7. What is the greatest common divisor of p and 63?
7
Let y = 13 - 11. Suppose -2*u - 58 = -4*o, 7*o - 74 = 2*o + 2*u. What is the greatest common divisor of o and y?
2
Let v(p) be the second derivative of p**4/3 + p**2/2 + 2*p. Let h be v(-1). Calculate the highest common divisor of 45 and h.
5
Suppose -7*x = -3*x - 72. Suppose 3*s - s = x. Let c = s - 7. What is the greatest common factor of c and 3?
1
Let d = -41 - -60. Let x = d + -7. Calculate the highest common factor of 12 and x.
12
Suppose 5*p + 2 = 82. What is the highest common factor of 2 and p?
2
Let k(m) = -m. Let a be k(-7). Calculate the greatest common factor of a and 7.
7
Let q be (6 - 3/(-1))/1 + -3. Calculate the greatest common divisor of 9 and q.
3
Let n be 40 + 4*2/4. What is the greatest common divisor of 28 and n?
14
Let m = -14 + -6. Let f = 56 + m. Calculate the highest common factor of f and 90.
18
Suppose 0 = 2*n - 5*n + 24. Calculate the greatest common divisor of n and 32.
8
Suppose -c + 51 = -0*c + 5*w, 4*w - 150 = -5*c. Let s(h) = -h**3 - h**2 + 6*h - 5. Let o be s(-5). What is the highest common divisor of o and c?
13
Suppose -2*f - 8 = -5*j + 32, 2*j - 45 = -5*f. What is the greatest common divisor of j and 40?
10
Suppose -s + 8 = 2*x, 0 = -4*s - 2*x + 10 + 22. Suppose 3*z - 8 = 4. What is the highest common factor of s and z?
4
Let n be ((-396)/(-10))/((-6)/(-30)). Suppose 0 = 4*s + 2*p - 98, 0 = -3*s + 2*p + 13 + 43. Calculate the highest common divisor of s and n.
22
Let t be 124/10 + 4/(-10). Let d(n) = -352*n. Let z be d(-1). Suppose -2*y - 4*x = 2*y - z, -2*x - 328 = -4*y. Calculate the greatest common factor of y and t.
12
Suppose -4*u + 1289 = 329. What is the greatest common divisor of u and 60?
60
Suppose -33*p - 40 = -35*p. Calculate the highest common factor of 60 and p.
20
Suppose 5*p - 20 = -3*o, -16*p = -11*p + 10. What is the highest common divisor of o and 55?
5
Let w be (-3)/(8 - 2)*-134. Suppose 4*j + 7 = w. What is the highest common factor of 120 and j?
15
Suppose 25 - 4 = a. Calculate the highest common divisor of a and 3.
3
Suppose -30 = 5*j - 330. Calculate the highest common factor of j and 12.
12
Let t(z) = 2 - z - 3 + 4 + 6. Let f be t(-10). Let x = 26 - 7. Calculate the greatest common divisor of x and f.
19
Suppose 636 - 211 = 17*l. What is the greatest common divisor of l and 275?
25
Suppose -4*a = 3*a - 567. Let j be (-2)/4 + 19/2. What is the highest common factor of j and a?
9
Suppose q + 6 = 4*q. Suppose 4*p - 72 = q*p. Calculate the highest common factor of p and 9.
9
Let w(h) be the third derivative of 3*h**2 + 0 + 0*h**3 - 1/60*h**5 + 0*h + 3/8*h**4. Let p be w(5). Calculate the highest common divisor of 220 and p.
20
Let n be -1 - (-3)/(6/(-134)). Let k = n + 32. Let f be 1 - (4 + -2) - k. Calculate the highest common factor of f and 14.
7
Let m be 2 + (-7)/((-14)/(-6)). Let b = 7 + m. What is the greatest common factor of 54 and b?
6
Suppose a = 5 + 1. What is the greatest common factor of 6 and a?
6
Suppose 204 = 5*n + 3*z, 2*n + n + 4*z = 118. Let p = n + -2. What is the greatest common divisor of 8 and p?
8
Let o(a) = a**2 - 5*a + 3. Let k be 6 + (-3)/(-6)*-2. Let t be o(k). Suppose -t*x = -x - 34. What is the greatest common divisor of 153 and x?
17
Let k(g) = 15*g**3 + g**2 - g. Suppose -1 + 0 = -o. Let y be k(o). What is the highest common factor of y and 6?
3
Let s = -10 + 32. Calculate the highest common divisor of s and 2.
2
Let m = 1 - -1. Suppose -3*f + 32 = -c + 6*c, -m*f = 2*c - 28. Suppose 0 = g - 4*y - f, -g + 3*g + 5*y = -1. What is the greatest common divisor of 28 and g?
7
Let s(v) = v**3 - 9*v**2 + 2. Let o be s(9). Suppose x + 6*j = 2*j + 6, o*j + 74 = 3*x. Suppose -4*m = -62 - 70. Calculate the highest common factor of x and m.
11
Let w = 12 - 28. Let r = 30 + w. Let b be ((-90)/35)/((-3)/r). What is the greatest common factor of 6 and b?
6
Let i(p) = p**3 - 9*p**2 - 15*p - 5. Suppose 4*j = -4*w + 24, 0 = -5*j + w - 0*w + 60. Let m be i(j). Calculate the highest common divisor of 12 and m.
12
Let n be (26/8)/((-1)/(-4)). Let m(c) = 10*c + 179. Let u be m(-14). Calculate the greatest common divisor of n and u.
13
Suppose 0 = -2*g + 3*g + 8. Let d(y) = -10*y + 10. Let x be d(g). Calculate the highest common divisor of 18 and x.
18
Let m(l) = 7*l**2 - l - 4. Let d(s) = s**2 - s. Let x(j) = -6*d(j) + m(j). Suppose 7 = -2*r + r. Let f be x(r). What is the greatest common divisor of f and 30?
10
Suppose 0 = -3*q + 4*k + 209 + 290, 170 = q - 5*k. What is the highest common factor of 15 and q?
15
Suppose -2*f - 5*v = -5*f + 17, 0 = f - 4*v - 8. Let p be 49/f + 1/(-4). What is the highest common divisor of 48 and p?
12
Suppose -4*k + 20 = 0, -4*w + 5 = 2*k - 1. Let f(j) = -4*j. Let m be f(w). What is the highest common divisor of 44 and m?
4
Let r = 12 + -6. Let g be (-22 + 26)*12*1. Calculate the greatest common divisor of g and r.
6
Let z(d) = d**2 + 6*d + 1. Let p(x) = x**3 - 6*x**2 + x - 4. Let f be p(6). Let w = f - 9. Let c be z(w). Calculate the highest common divisor of c and 88.
8
Let b = 58 + -27. Suppose -o + 25 = -b. Suppose 9*u = 4*u - 4*z + 66, -4*z = -5*u + 74. Calculate the highest common divisor of o and u.
14
Suppose 8 = -4*r, -s + 2*r + 48 = 13. What is the highest common factor of 62 and s?
31
Let u(o) = o**3 + 4*o**2 - 10*o - 13. Let z be u(-6). Let m = z - -43. What is the greates